{"id":6,"date":"2014-02-11T00:03:46","date_gmt":"2014-02-10T23:03:46","guid":{"rendered":"http:\/\/www.woodarch.de\/?page_id=6"},"modified":"2014-03-03T13:06:14","modified_gmt":"2014-03-03T12:06:14","slug":"kompetenzenreferenzen","status":"publish","type":"page","link":"http:\/\/www.woodarch.de\/?page_id=6","title":{"rendered":"Kompetenzen\/Referenzen"},"content":{"rendered":"<p><img decoding=\"async\" loading=\"lazy\" class=\"size-medium wp-image-96 alignleft\" alt=\"P1020838-mittel\" src=\"http:\/\/www.woodarch.de\/wp-content\/uploads\/2014\/02\/P1020838-mittel-300x225.jpg\" width=\"300\" height=\"225\" srcset=\"http:\/\/www.woodarch.de\/wp-content\/uploads\/2014\/02\/P1020838-mittel-300x225.jpg 300w, http:\/\/www.woodarch.de\/wp-content\/uploads\/2014\/02\/P1020838-mittel-250x187.jpg 250w, http:\/\/www.woodarch.de\/wp-content\/uploads\/2014\/02\/P1020838-mittel-100x75.jpg 100w, http:\/\/www.woodarch.de\/wp-content\/uploads\/2014\/02\/P1020838-mittel-150x112.jpg 150w, http:\/\/www.woodarch.de\/wp-content\/uploads\/2014\/02\/P1020838-mittel-200x150.jpg 200w, http:\/\/www.woodarch.de\/wp-content\/uploads\/2014\/02\/P1020838-mittel-450x337.jpg 450w, http:\/\/www.woodarch.de\/wp-content\/uploads\/2014\/02\/P1020838-mittel-600x450.jpg 600w, http:\/\/www.woodarch.de\/wp-content\/uploads\/2014\/02\/P1020838-mittel-900x675.jpg 900w, http:\/\/www.woodarch.de\/wp-content\/uploads\/2014\/02\/P1020838-mittel.jpg 1000w\" sizes=\"(max-width: 300px) 100vw, 300px\" \/>Seit 1992 bin ich als selbst\u00e4ndiger Schreiner t\u00e4tig.<br \/>\nMein beruflicher Werdegang hat mich \u00fcber das Studium der Geistes- und Sozialwissenschaften, das Badische Staatstheater (Tischlerei und Requisite), k\u00fcnstlerische Auftragsarbeiten und Ausstellungsarchitektur\u00a0 f\u00fcr\u00a0 u.a. das ZKM (Zentrum f\u00fcr Kunst- und Medientechnologie), die Galerie Meyer Riegger, die Maler und Bildhauer Daniel Roth &amp; Silke Stock zur \u00a0Planung, \u00e4sthetischen Konzeption und Realisierung von Inneneinrichtungsm\u00f6beln und Konzeptl\u00f6sungen von individuellen Raumgef\u00fcgen gef\u00fchrt.<\/p>\n","protected":false},"excerpt":{"rendered":"<p>Seit 1992 bin ich als selbst\u00e4ndiger Schreiner t\u00e4tig. Mein beruflicher Werdegang hat mich \u00fcber das Studium der Geistes- und Sozialwissenschaften, das Badische Staatstheater (Tischlerei und Requisite), k\u00fcnstlerische Auftragsarbeiten und Ausstellungsarchitektur\u00a0 f\u00fcr\u00a0 u.a. das ZKM (Zentrum f\u00fcr Kunst- und Medientechnologie), die [&hellip;]<\/p>\n","protected":false},"author":1,"featured_media":0,"parent":0,"menu_order":0,"comment_status":"closed","ping_status":"open","template":"page-templates\/page-full-width.php","meta":[],"_links":{"self":[{"href":"http:\/\/www.woodarch.de\/index.php?rest_route=\/wp\/v2\/pages\/6"}],"collection":[{"href":"http:\/\/www.woodarch.de\/index.php?rest_route=\/wp\/v2\/pages"}],"about":[{"href":"http:\/\/www.woodarch.de\/index.php?rest_route=\/wp\/v2\/types\/page"}],"author":[{"embeddable":true,"href":"http:\/\/www.woodarch.de\/index.php?rest_route=\/wp\/v2\/users\/1"}],"replies":[{"embeddable":true,"href":"http:\/\/www.woodarch.de\/index.php?rest_route=%2Fwp%2Fv2%2Fcomments&post=6"}],"version-history":[{"count":6,"href":"http:\/\/www.woodarch.de\/index.php?rest_route=\/wp\/v2\/pages\/6\/revisions"}],"predecessor-version":[{"id":306,"href":"http:\/\/www.woodarch.de\/index.php?rest_route=\/wp\/v2\/pages\/6\/revisions\/306"}],"wp:attachment":[{"href":"http:\/\/www.woodarch.de\/index.php?rest_route=%2Fwp%2Fv2%2Fmedia&parent=6"}],"curies":[{"name":"wp","href":"https:\/\/api.w.org\/{rel}","templated":true}]}}

<p><img decoding="async" loading="lazy" class="size-medium wp-image-96 alignleft" alt="P1020838-mittel" src="http://www.woodarch.de/wp-content/uploads/2014/02/P1020838-mittel-300x225.jpg" width="300" height="225" srcset="http://www.woodarch.de/wp-content/uploads/2014/02/P1020838-mittel-300x225.jpg 300w, http://www.woodarch.de/wp-content/uploads/2014/02/P1020838-mittel-250x187.jpg 250w, http://www.woodarch.de/wp-content/uploads/2014/02/P1020838-mittel-100x75.jpg 100w, http://www.woodarch.de/wp-content/uploads/2014/02/P1020838-mittel-150x112.jpg 150w, http://www.woodarch.de/wp-content/uploads/2014/02/P1020838-mittel-200x150.jpg 200w, http://www.woodarch.de/wp-content/uploads/2014/02/P1020838-mittel-450x337.jpg 450w, http://www.woodarch.de/wp-content/uploads/2014/02/P1020838-mittel-600x450.jpg 600w, http://www.woodarch.de/wp-content/uploads/2014/02/P1020838-mittel-900x675.jpg 900w, http://www.woodarch.de/wp-content/uploads/2014/02/P1020838-mittel.jpg 1000w" sizes="(max-width: 300px) 100vw, 300px" />Seit 1992 bin ich als selbständiger Schreiner tätig.<br />
Mein beruflicher Werdegang hat mich über das Studium der Geistes- und Sozialwissenschaften, das Badische Staatstheater (Tischlerei und Requisite), künstlerische Auftragsarbeiten und Ausstellungsarchitektur  für  u.a. das ZKM (Zentrum für Kunst- und Medientechnologie), die Galerie Meyer Riegger, die Maler und Bildhauer Daniel Roth &amp; Silke Stock zur  Planung, ästhetischen Konzeption und Realisierung von Inneneinrichtungsmöbeln und Konzeptlösungen von individuellen Raumgefügen geführt.</p>

<p>Seit 1992 bin ich als selbständiger Schreiner tätig. Mein beruflicher Werdegang hat mich über das Studium der Geistes- und Sozialwissenschaften, das Badische Staatstheater (Tischlerei und Requisite), künstlerische Auftragsarbeiten und Ausstellungsarchitektur  für  u.a. das ZKM (Zentrum für Kunst- und Medientechnologie), die [&hellip;]</p>
