{"id":4,"date":"2014-02-11T00:03:20","date_gmt":"2014-02-10T23:03:20","guid":{"rendered":"http:\/\/www.woodarch.de\/?page_id=4"},"modified":"2014-03-03T13:04:54","modified_gmt":"2014-03-03T12:04:54","slug":"portfolioleistungen","status":"publish","type":"page","link":"http:\/\/www.woodarch.de\/?page_id=4","title":{"rendered":"Portfolio\/Leistungen"},"content":{"rendered":"<p><img decoding=\"async\" loading=\"lazy\" class=\"alignright size-medium wp-image-108\" alt=\"P1030866-mittel\" src=\"http:\/\/www.woodarch.de\/wp-content\/uploads\/2014\/02\/P1030866-mittel-225x300.jpg\" width=\"225\" height=\"300\" srcset=\"http:\/\/www.woodarch.de\/wp-content\/uploads\/2014\/02\/P1030866-mittel-225x300.jpg 225w, http:\/\/www.woodarch.de\/wp-content\/uploads\/2014\/02\/P1030866-mittel-900x1199.jpg 900w, http:\/\/www.woodarch.de\/wp-content\/uploads\/2014\/02\/P1030866-mittel-250x333.jpg 250w, http:\/\/www.woodarch.de\/wp-content\/uploads\/2014\/02\/P1030866-mittel-100x133.jpg 100w, http:\/\/www.woodarch.de\/wp-content\/uploads\/2014\/02\/P1030866-mittel-150x199.jpg 150w, http:\/\/www.woodarch.de\/wp-content\/uploads\/2014\/02\/P1030866-mittel-200x266.jpg 200w, http:\/\/www.woodarch.de\/wp-content\/uploads\/2014\/02\/P1030866-mittel-300x399.jpg 300w, http:\/\/www.woodarch.de\/wp-content\/uploads\/2014\/02\/P1030866-mittel-450x599.jpg 450w, http:\/\/www.woodarch.de\/wp-content\/uploads\/2014\/02\/P1030866-mittel-600x799.jpg 600w, http:\/\/www.woodarch.de\/wp-content\/uploads\/2014\/02\/P1030866-mittel.jpg 1000w\" sizes=\"(max-width: 225px) 100vw, 225px\" \/>&#8211; Planung, Design &amp; \u00a0Anfertigung von Einbauschr\u00e4nken,\u00a0 Sideboards,\u00a0 Badezimmerm\u00f6beln, Regalen<br \/>\n&#8211; Einpassung von M\u00f6beln in Nischen und Dachschr\u00e4gen<br \/>\n&#8211; Verblendung &amp; Verkleidung von Kaminen, Heizungsrohren, Boilern, Kabelsch\u00e4chten, Wartungsklappen &#8230;<br \/>\n&#8211; Optisch wenig ansprechende technische Ger\u00e4tschaften k\u00f6nnen in \u00e4sthetische Raum\/Formkonzeptl\u00f6sungen integriert werden<br \/>\n&#8211; Parkettb\u00f6den<br \/>\n&#8211; T\u00fcrelemente<br \/>\n&#8211; Schiebet\u00fcren<\/p>\n","protected":false},"excerpt":{"rendered":"<p>&#8211; Planung, Design &amp; \u00a0Anfertigung von Einbauschr\u00e4nken,\u00a0 Sideboards,\u00a0 Badezimmerm\u00f6beln, Regalen &#8211; Einpassung von M\u00f6beln in Nischen und Dachschr\u00e4gen &#8211; Verblendung &amp; Verkleidung von Kaminen, Heizungsrohren, Boilern, Kabelsch\u00e4chten, Wartungsklappen &#8230; &#8211; Optisch wenig ansprechende technische Ger\u00e4tschaften k\u00f6nnen in \u00e4sthetische Raum\/Formkonzeptl\u00f6sungen integriert [&hellip;]<\/p>\n","protected":false},"author":1,"featured_media":0,"parent":0,"menu_order":0,"comment_status":"closed","ping_status":"open","template":"page-templates\/page-full-width.php","meta":[],"_links":{"self":[{"href":"http:\/\/www.woodarch.de\/index.php?rest_route=\/wp\/v2\/pages\/4"}],"collection":[{"href":"http:\/\/www.woodarch.de\/index.php?rest_route=\/wp\/v2\/pages"}],"about":[{"href":"http:\/\/www.woodarch.de\/index.php?rest_route=\/wp\/v2\/types\/page"}],"author":[{"embeddable":true,"href":"http:\/\/www.woodarch.de\/index.php?rest_route=\/wp\/v2\/users\/1"}],"replies":[{"embeddable":true,"href":"http:\/\/www.woodarch.de\/index.php?rest_route=%2Fwp%2Fv2%2Fcomments&post=4"}],"version-history":[{"count":4,"href":"http:\/\/www.woodarch.de\/index.php?rest_route=\/wp\/v2\/pages\/4\/revisions"}],"predecessor-version":[{"id":305,"href":"http:\/\/www.woodarch.de\/index.php?rest_route=\/wp\/v2\/pages\/4\/revisions\/305"}],"wp:attachment":[{"href":"http:\/\/www.woodarch.de\/index.php?rest_route=%2Fwp%2Fv2%2Fmedia&parent=4"}],"curies":[{"name":"wp","href":"https:\/\/api.w.org\/{rel}","templated":true}]}}